t b(o) = -3251*o - 3522. What is the tens digit of b(-14)?
9
Let j = 15941 + -9981. Suppose j = 6*m + 14*m. What is the units digit of m?
8
Let c = -3691 - -17470. What is the hundreds digit of c?
7
Let w(g) = g**3 - 12*g**2 + 12*g - 7. Suppose 0*j + 4*j - 44 = 0. Let c be w(j). Suppose p + 2*n - 159 = -2*n, -c*n = -4. What is the hundreds digit of p?
1
Let n(j) = 248*j + 3. Let m be n(-1). Let a = 706 + m. What is the tens digit of a?
6
Suppose -p - 90 + 54 = 0. What is the units digit of 9/(p/(-28))*49?
3
Let g(o) = 46*o + 629. What is the thousands digit of g(10)?
1
What is the tens digit of 12/10 - ((-4737488)/35)/16?
6
Suppose -30 = -31*l + 29*l. Suppose -5*j + 2*m + 8 + 7 = 0, -3*m + l = 0. Let x = 32 + j. What is the units digit of x?
7
Suppose -14*f + 28445 + 42031 = 0. What is the tens digit of f?
3
Let u = -7943 + 13767. What is the tens digit of u?
2
Suppose o + 34 = 37. Suppose 2*s - 1 = -o*j, 3*s + 2*j - 2 = 2. Suppose -s*h = t - 66, 8*t - 3*t + 5*h - 330 = 0. What is the tens digit of t?
6
Let o(d) = 9*d**3 + d**2 - 1. Let b be o(1). Suppose -5*t + 8*t = 4*m - b, 5*m + 12 = -4*t. What is the units digit of (187 - (5 - 1)) + m + -3?
0
Let d = -58 + 10. Let h = -46 - d. Suppose -u = -z - 78, h*u + 2*u - 282 = -2*z. What is the units digit of u?
3
Let h = 1109 - 413. What is the hundreds digit of 4 + h/((-16)/(-4))?
1
What is the hundreds digit of -2 + 5 - 31/((-31)/2940)?
9
Let v = -89 - -40. Let f be ((-8)/(-7))/((-14)/v). Suppose -f*r + 37 = -35. What is the tens digit of r?
1
Let g = -84 + 124. Suppose 0 = 2*f - l + 46, 5*l - 41 = -125*f + 126*f. Let s = f + g. What is the units digit of s?
9
Let f be 32/288 - 38/18. What is the tens digit of ((-192)/(-20))/(f/(-10))?
4
What is the ten thousands digit of 13381 - 1 - (-52)/(-78)*3?
1
Let s(c) = -c - 3. Let m(w) = w**2 - 19*w + 22. Let n be m(18). Let a be s(n). Let f(t) = -30*t - 21. What is the units digit of f(a)?
9
Let l(c) = 2*c**2 - 26*c + 34. Let s be l(11). What is the tens digit of (958/s)/(63/(-1260))?
1
Let a(d) = d + 27. Let z(j) = j**3 - 11*j**2 + 15*j - 25. Let p be z(10). Let h be a(p). Suppose 3*f - h = 2. What is the units digit of f?
8
Let h be -24 + 22 + 2*2. Suppose 36 = -3*y + 51, -5*d + 1680 = h*y. What is the units digit of d?
4
What is the thousands digit of (-6)/9 - ((-83762)/3 - 7)?
7
Let l = 103 - 263. Let c = 53 - l. What is the units digit of c?
3
Suppose -3*m + 1124 = -2*w, 83 + 1397 = 4*m + 2*w. Let u(g) = -56*g**3 - 2*g**2 + 7*g + 7. Let b be u(-1). Suppose m = b*s - 50*s. What is the units digit of s?
3
Let h be (-63)/18*(-10884)/21. Let c = h + -1047. What is the units digit of c?
7
Let f = -766 - -331. Let j = -154 - f. What is the units digit of j?
1
Suppose 8*v = 14*v - 12. Suppose -2*k = -v*c - c - 39, 4*k = -3*c + 69. Suppose 14 = 16*x - k. What is the units digit of x?
2
Let y(d) = 4*d + 98. Let n be y(-26). What is the units digit of (n - (-66)/9)/((-1)/(-12))?
6
Suppose 0*u - u + 4 = 0, 4*j - 5*u + 12 = 0. Suppose j*w - 1145 = -179. What is the tens digit of w?
8
Suppose -19*c - 9*c - 950064 = -52*c. What is the hundreds digit of c?
5
Let o(p) = p**2 + p - 24. Let k(x) = -x**2 - 7*x + 10. Let h be k(-6). Suppose u + h = 7. What is the units digit of o(u)?
8
Let q(z) be the third derivative of z**6/120 - z**4/24 - 25*z**2. Let d(i) = -2*i**2 + 10*i - 2. Let s(r) = -d(r) - q(r). What is the hundreds digit of s(-4)?
1
Suppose 0 = -27*d + 936 - 126. Suppose -5*i - 170 = -5*a - d, 0 = a + 5*i - 22. What is the tens digit of a?
2
Let k be -9 - ((-2)/4)/(2/(-12)). Let m be (k/(-16))/((-1)/(-4)). Suppose -m*r - 3 = 0, i - 238 = -2*i + 4*r. What is the tens digit of i?
7
Let b(n) = -2*n - 19. Let v be b(-13). Let y(x) = -x**2 - x + 6. Let o be y(v). Let k = o - -111. What is the units digit of k?
1
Let r = -94117 - -138356. What is the hundreds digit of r?
2
Suppose 3*p - p = -2*h + 8, 4*p + 5*h = 17. Let b be (-3)/(-6)*(-30)/p. Let i = b + 23. What is the tens digit of i?
1
Let o = 5548 - 3534. What is the tens digit of o?
1
Let c(j) = -2*j**3 - 25*j**2 + 24*j - 78. Let i be c(-13). Let k = -788 + 411. Let r = i - k. What is the hundreds digit of r?
1
Let d = -29 + 32. Suppose 28 = -4*z - 8*v + 4*v, d*v = -z - 17. What is the units digit of 33/z*34/(-3)?
7
Suppose -4*j + 2204 = -5*t, -14*t + 2*j - 2202 = -9*t. Let b = -382 - t. What is the units digit of b?
8
Let g be 708 - 3 - 0 - 3. Suppose 3*p = h - 5, -4*h = 3*p - 0*p + 10. What is the units digit of (g/(-91))/(h/28)?
6
What is the ten thousands digit of 37079 + (-26 - (-8 - 5))?
3
Suppose 525*u - 11598 = 524*u + 3*r, -5*u - r = -57894. What is the thousands digit of u?
1
Let a be 4/6*15/(-10)*-27. Let h(z) = a*z**2 + 65*z**2 - 3*z - 8*z**2 + 4*z**2 + 3. What is the units digit of h(1)?
8
What is the thousands digit of 4/(-26) + ((-452551680)/520)/(-24)?
6
Let u(q) = q**3 + 6*q**2 + 3*q - 10. Let b be u(-5). Suppose b = -p + 15 - 11. Suppose p*r + 2*v = 5*r - 47, 2*v - 211 = -5*r. What is the units digit of r?
3
Suppose 0 = -2*t - 2, -4*o + 2*o + 4325 = 5*t. What is the hundreds digit of o?
1
Suppose 0 = 4*g + 8, 3*p - g + 570 = 2*g. Let s = 270 - p. What is the tens digit of s?
6
Let q = -46 + 81. Let s be (-28)/q + (-29)/(-5). Suppose -3*a - s*a + 688 = 0. What is the tens digit of a?
8
Suppose 37*p = 255418 + 41202 + 52993. What is the tens digit of p?
4
Let r(a) be the third derivative of 0*a - 4/3*a**3 + 0 + 7/6*a**4 + 22*a**2. What is the units digit of r(3)?
6
Let h = -2040 + 9991. What is the thousands digit of h?
7
Let d(h) = -h**3 + 22*h**2 - 4*h - 21. Let s be d(11). Let i = 2370 - s. What is the units digit of (i/30)/(4/10)?
2
Let k(y) be the third derivative of 9*y**4/2 - 409*y**3/6 - 103*y**2 + 2. What is the units digit of k(13)?
5
Suppose 6*o - 8*o + 11590 = 0. Suppose -53*y + o = -34*y. What is the units digit of y?
5
Let d(t) = -t**3 - 46*t**2 - 47*t - 54. Let p be d(-45). Let b(a) = a**2 - 12*a + 1. Let h be b(6). Let s = h + p. What is the units digit of s?
1
Let q be 1142/5 + 8/(-20). Let h = 130 - q. Let j = -32 - h. What is the units digit of j?
6
Let h(d) = d**3 + 20*d**2 - 4*d - 7. Let y be h(-11). Suppose -1664 = -3*l - 2*z, -6*l + 4*l + y = -2*z. What is the units digit of l?
8
Let o = -14 + 16. Let q(p) = -10*p**o + 5*p - 5 - p**3 + 19 + 2*p - p. What is the hundreds digit of q(-12)?
2
Let d = -24 - -37. Suppose 3*c + d = -4*s - 0, 4*s + c = -15. Let f(y) = -4*y + 9. What is the units digit of f(s)?
5
Let w be (7 - -33)/(2/153). Suppose w = 57*a - 48*a. What is the tens digit of a?
4
Suppose 79 = 4*q - 9. Suppose q*g - 20*g = 10, g + 6711 = 4*v. What is the units digit of v?
9
Let k(n) = -837*n**3 - 34*n**2 - 133*n + 13. What is the thousands digit of k(-4)?
3
Let g(q) = 3*q - 21. Let s(w) = -6*w + 41. Let d(o) = 7*g(o) + 3*s(o). Let z be d(7). What is the tens digit of ((-202)/(-8))/(z/(-12))?
0
Suppose 2*y = -178*h + 177*h + 3619, -4*h + y + 14530 = 0. What is the thousands digit of h?
3
What is the ten thousands digit of -237946*2/(-24) + ((-245)/(-30) - 8)?
1
Let h(x) = -x**2 + 10*x - 15. Let p be h(9). Let a(m) = -m - 1. Let l be a(p). Suppose 0 = -l*w + u + 800, -5*u + 3*u = -w + 151. What is the tens digit of w?
6
Let b be (((-60)/(-25))/3)/(3/30). Suppose -2*u = 3*t - 75, 4*u - b*u = 4*t - 156. What is the units digit of u?
2
Let d = 200 - 225. What is the tens digit of d/(1/(-76)*4)?
7
Suppose -24 = -b + 14. Suppose 0 = -10*r + 16 + 4. Suppose -m = -i + m + b, r = 2*m. What is the units digit of i?
0
Let l(g) = 28*g**3 - g**2 - 5*g - 77. What is the units digit of l(8)?
5
Suppose -2*v + 6*v + 62 = -b, 5*b + 402 = 3*v. Let l = 71 + b. What is the units digit of ((-14)/(-4))/l*-156?
8
Let a be -4 + 10 + 3 + -3. Let b be (a/(-8))/((-23)/92). Suppose 2*z = 5*k + 112, -2*k = b*k. What is the tens digit of z?
5
Suppose 61 + 8 = 23*y. Suppose -u + 2340 = 2*u - 3*h, -u = y*h - 788. What is the hundreds digit of u?
7
Suppose -17*q - 258 - 592 = 0. What is the units digit of q/(-30) - (9/3)/(-9)?
2
Let f be 1156/(-867) - 11/6*74. Suppose -72 = 3*w - 561. Let l = w + f. What is the tens digit of l?
2
What is the units digit of (55/22 - 0)*(-102736)/(-20)?
2
Let s = -3578 + 30247. What is the units digit of s?
9
Let n(h) = 3*h + 6. Let l be 206/(-17) + (-2)/(-17).